 -3272?
3272
In base 4, what is -2 - -120213?
120211
In base 5, what is -1 + 41413?
41412
In base 14, what is 4 - -52?
56
In base 16, what is -5 - fbc?
-fc1
In base 6, what is 13053 + 5?
13102
In base 5, what is -3 - 23?
-31
In base 15, what is -5 + -5?
-a
In base 16, what is 4 + -17?
-13
In base 14, what is 33 + 69?
9c
In base 5, what is -321 + 0?
-321
In base 10, what is 5 + -737?
-732
In base 14, what is -139 + -2?
-13b
In base 14, what is 5 + -24?
-1d
In base 5, what is 23432 + -23?
23404
In base 5, what is 2 - 1312?
-1310
In base 14, what is 5 + -9b?
-96
In base 5, what is 42 - 13?
24
In base 13, what is 1 - 4a?
-49
In base 6, what is -1 + 400?
355
In base 4, what is 1000212 - 0?
1000212
In base 11, what is 26a7 + 4?
2700
In base 4, what is -220 + -2?
-222
In base 13, what is 9 - 5?
4
In base 10, what is -2 - -128?
126
In base 11, what is 517 - -5?
521
In base 11, what is -250 + 3?
-248
In base 13, what is 43 - -6?
49
In base 14, what is 12 + d?
21
In base 16, what is -114 + -42?
-156
In base 4, what is -20223 + 3?
-20220
In base 15, what is 33 + -a?
28
In base 16, what is -37c6 + 2?
-37c4
In base 5, what is 2 + -103?
-101
In base 8, what is -2 + -5?
-7
In base 8, what is 331 + 1?
332
In base 13, what is -5 - 41?
-46
In base 7, what is 525 - -3?
531
In base 3, what is -12 + 1122221?
1122202
In base 12, what is 821 + 1?
822
In base 2, what is -100 - 111010?
-111110
In base 14, what is 5 - -aa?
b1
In base 9, what is -188 - 0?
-188
In base 6, what is 4 - -1120?
1124
In base 16, what is -1d - -5?
-18
In base 6, what is -25 + -14?
-43
In base 13, what is 4 - 94?
-90
In base 5, what is 433 + 10?
443
In base 8, what is 160 + 1?
161
In base 12, what is -15 + -19?
-32
In base 3, what is 100112 + 11?
100200
In base 7, what is 3 + -12?
-6
In base 5, what is 124412 - 4?
124403
In base 16, what is -2 + -47?
-49
In base 8, what is 4 - 1563?
-1557
In base 9, what is -271 + -2?
-273
In base 16, what is -1926 - -1?
-1925
In base 3, what is -10 + -10201202?
-10201212
In base 10, what is -606 + 5?
-601
In base 6, what is -1 - 4205?
-4210
In base 10, what is 117 - 0?
117
In base 7, what is -10404 - 2?
-10406
In base 8, what is -140 - 5?
-145
In base 13, what is -7 - 9?
-13
In base 5, what is 4 - -110?
114
In base 11, what is 51 + 11?
62
In base 8, what is -5 + -12452?
-12457
In base 12, what is -6 - 4?
-a
In base 3, what is 1101 - 102?
222
In base 12, what is 2 - -203b?
2041
In base 5, what is -3 + -231?
-234
In base 7, what is 13033 - -1?
13034
In base 13, what is 26a + 3?
270
In base 2, what is -11 + 1101011101?
1101011010
In base 16, what is -c42 - -2?
-c40
In base 10, what is 0 - 4439?
-4439
In base 8, what is -1017 + -3?
-1022
In base 4, what is 30120 + 3?
30123
In base 6, what is -1230 - -1?
-1225
In base 7, what is -3 - 450?
-453
In base 14, what is -489 - 5?
-490
In base 8, what is 25 + 15?
42
In base 2, what is -111 - -100000111?
100000000
In base 8, what is 3 + -160?
-155
In base 2, what is 10001 - -100?
10101
In base 2, what is -110010 + -11?
-110101
In base 4, what is -2031 - 100?
-2131
In base 9, what is -5 + 42?
36
In base 12, what is -116 - -2a?
-a8
In base 10, what is 6 - -28?
34
In base 8, what is 0 + 2?
2
In base 9, what is -5 - -35?
30
In base 4, what is 1 + -3031?
-3030
In base 3, what is 11 - -1200?
1211
In base 3, what is -21020 + 110?
-20210
In base 6, what is 1 - 1404?
-1403
In base 7, what is -1 - 242?
-243
In base 11, what is 5a0 + -5?
596
In base 10, what is -20 - -19?
-1
In base 11, what is -59 - -5?
-54
In base 6, what is 34 + 24?
102
In base 4, what is 110232 - 11?
110221
In base 9, what is -43 - -20?
-23
In base 3, what is -1111 + -112?
-2000
In base 8, what is 2476 + 1?
2477
In base 3, what is -10 + -11120000?
-11120010
In base 13, what is 197 - -1?
198
In base 10, what is 2 + 7324?
7326
In base 16, what is -4 - -bc?
b8
In base 15, what is -1a7 + 10?
-197
In base 15, what is 11 + -7?
9
In base 11, what is 3a + -7?
33
In base 5, what is -1241 + 203?
-1033
In base 16, what is -51 + -1?
-52
In base 15, what is 0 + -1?
-1
In base 5, what is -211 + 2221?
2010
In base 11, what is -2 + 93?
91
In base 8, what is 14 + 14?
30
In base 6, what is 422 - 4?
414
In base 14, what is 0 - -9?
9
In base 7, what is 0 - -56?
56
In base 7, what is -3 + 5?
2
In base 3, what is 2 - 1011?
-1002
In base 2, what is 0 + 10011000?
10011000
In base 10, what is -4 - -141?
137
In base 3, what is 0 + 1001012?
1001012
In base 15, what is a - 42?
-37
In base 7, what is -4 - 115?
-122
In base 3, what is -1002 - -22101?
21022
In base 8, what is 266 - 7?
257
In base 4, what is -1 + 323101?
323100
In base 10, what is 9 - -224?
233
In base 10, what is 114 + 1?
115
In base 15, what is -3c4 + -5?
-3c9
In base 15, what is -3 + ed?
ea
In base 6, what is -1234 - -1?
-1233
In base 12, what is -33a - 12?
-350
In base 8, what is -12 - -327?
315
In base 4, what is 3 - -1122131?
1122200
In base 14, what is 1b - -14?
31
In base 5, what is 33 + 312?
400
In base 13, what is -4 - 17?
-1b
In base 12, what is 3 - -26?
29
In base 9, what is 54 + -175?
-121
In base 5, what is 43 - -1?
44
In base 12, what is 1a1 - -2?
1a3
In base 2, what is 1 + 1001010?
1001011
In base 3, what is 12221220 + -1?
12221212
In base 16, what is -4 - -d9?
d5
In base 16, what is -11 - 11?
-22
In base 5, what is 3 - -2?
10
In base 14, what is 6985 - -2?
6987
In base 15, what is -3 - -43?
40
In base 8, what is 3 - -111?
114
In base 2, what is 1001001 - 0?
1001001
In base 12, what is 186b - 1?
186a
In base 6, what is 224 + -312?
-44
In base 11, what is -2 + -38?
-3a
In base 13, what is -3ba - 0?
-3ba
In base 7, what is -2 + 115?
113
In base 14, what is 0 + -38?
-38
In base 7, what is -2 - 5630?
-5632
In base 8, what is -51 + 5?
-44
In base 6, what is -32321 + 4?
-32313
In base 3, what is -101112 + 200?
-100212
In base 6, what is -1410 + -20?
-1430
In base 9, what is -12 + -20?
-32
In base 16, what is 52 - 22?
30
In base 11, what is 4 + -70?
-67
In base 7, what is -2 - -561?
556
In base 4, what is 2023 + -3?
2020
In base 13, what is 98 + 3?
9b
In base 10, what is 5530 - 3?
5527
In base 6, what is -305 - 102?
-411
In base 9, what is 20870 - -2?
20872
In base 2, what is 1110010 - 11?
1101111
In base 10, what is -26 - -39?
13
In base 2, what is -100000000 + 0?
-100000000
In base 7, what is 1 - 5445?
-5444
In base 4, what is 0 + -1212?
-1212
In base 14, what is -51 - -2?
-4d
In base 15, what is 20e + 5?
214
In base 9, what is 3 + 102?
105
In base 15, what is -2 + a82?
a80
In base 16, what is 9 - -2c?
35
In base 6, what is 224 + 245?
513
In base 16, what is aa2 - -2?
aa4
In base 3, what is -11 + -22211222?
-22212010
In base 9, what is 5 - -287?
303
In base 4, what is -3 - -112120?
112111
In base 9, what is 3 - -1875?
1878
In base 15, what is -1 + -74?
-75
In base 7, what is -24 - 2234?
-2261
In base 15, what is 3 + -a?
-7
In base 7, what is 3 - 1156?
-1153
In base 11, what is 18 - 437?
-41a
In base 5, what is -3003 - 20?
-3023
In base 11, what is 140 - 0?
140
In base 4, what is -3 + -121303?
-121312
In base 10, what is -2 + 43?
41
In base 13, what is -3 + -1594?
-1597
In base 9, what is -10254 + -6?
-10261
In base 3, what is 220 + 110120?
111110
In base 11, what is 735 - -4?
739
In base 3, what is -12 + 21?
2
In base 16, what is 11c + 3?
11f
In base 12, what is -2 - -7?
5
In base 11, what is -18 + -2?
-1a
In base 16, what is -1 - c?
-d
In base 5, what is 4 + 2010?
2014
In base 16, what is 34 + -1?
33
In base 2, what is -1 + -10101101100?
-10101101101
In base 10, what is -678 + 5?
-673
In base 15, what is -9 - 14?
-1d
In base 14, what is 4 - -84?
88
In base 2, what is 101 - 1?
100
In base 16, what is 34 - 5?
2f
In base 9, what is -2 - -160?
157
In base 3, what is 0 + -1101?
-1101
In base 2, what is -11101101 - -101?
-11101000
In base 2, what is -10111100000 - -11?
-10111011101
In base 12, what is 1 + 121?
122
In base 7, what is -15 - -444?
426
In base 8, what is 170 + 2?
172
In base 5, what is 41 + -4?
32
In base 4, what is 11 - -12?
23
In base 15, what is 9 + -8?
1
In base 14, what is -2 + -50?
-52
In base 9, what is 2 - -4?
6
In base 7, what is -5 - 105?
-113
In base 9, what is 4 + -363?
-358
In base 5, what is -3 - 232?
-240
In base 11, what is a + 2a?
39
In base 10, what is 14 - 97?
-83
In base 7, what is -11